{"id":1559,"date":"2022-04-21T16:03:05","date_gmt":"2022-04-21T16:03:05","guid":{"rendered":"https:\/\/lvgm.com.br\/web\/?post_type=project&#038;p=1559"},"modified":"2022-05-23T18:57:59","modified_gmt":"2022-05-23T18:57:59","slug":"corporativo","status":"publish","type":"project","link":"https:\/\/lvgm.com.br\/web\/project\/corporativo\/","title":{"rendered":"Corporativo"},"content":{"rendered":"<p>[et_pb_section fb_built=&#8221;1&#8243; _builder_version=&#8221;4.14.7&#8243; _module_preset=&#8221;default&#8221; custom_padding=&#8221;15px|||||&#8221; global_colors_info=&#8221;{}&#8221;][et_pb_row _builder_version=&#8221;4.14.7&#8243; _module_preset=&#8221;default&#8221; width=&#8221;90%&#8221; max_width=&#8221;1980px&#8221; module_alignment=&#8221;center&#8221; custom_padding=&#8221;8px|||||&#8221; global_colors_info=&#8221;{}&#8221;][et_pb_column type=&#8221;4_4&#8243; _builder_version=&#8221;4.14.7&#8243; _module_preset=&#8221;default&#8221; global_colors_info=&#8221;{}&#8221;][et_pb_slider show_image_video_mobile=&#8221;on&#8221; use_bg_overlay=&#8221;off&#8221; use_text_overlay=&#8221;off&#8221; admin_label=&#8221;GALERIA DE FOTOS&#8221; _builder_version=&#8221;4.14.7&#8243; _module_preset=&#8221;default&#8221; header_font=&#8221;|700|||||||&#8221; header_text_color=&#8221;#4c4c4c&#8221; header_font_size=&#8221;33px&#8221; body_text_color=&#8221;#000000&#8243; background_color=&#8221;RGBA(255,255,255,0)&#8221; max_width=&#8221;1980%&#8221; custom_padding=&#8221;175px|||||&#8221; auto=&#8221;on&#8221; auto_ignore_hover=&#8221;on&#8221; hover_enabled=&#8221;0&#8243; global_colors_info=&#8221;{}&#8221; sticky_enabled=&#8221;0&#8243;][et_pb_slide heading=&#8221;Corporativo&#8221; image=&#8221;https:\/\/lvgm.com.br\/web\/wp-content\/uploads\/2022\/04\/WhatsApp-Image-2022-01-27-at-09.54.56-14.jpeg&#8221; _builder_version=&#8221;4.14.7&#8243; _module_preset=&#8221;default&#8221; body_font=&#8221;||||||||&#8221; background_enable_color=&#8221;off&#8221; background_layout=&#8221;light&#8221; global_colors_info=&#8221;{}&#8221; sticky_transition=&#8221;on&#8221;]<\/p>\n<p>O Ambiente perfeito para a concentrar-se no trabalho, precisa permitir privacidade, confian\u00e7a e bem estar. N\u00f3s da LIVING M\u00d3VEIS ESPECIAIS, harmonizamos tudo isso e muito mais estando \u00e0 frente, do mercado com novidades em decora\u00e7\u00e3o e ambientes integrados. Requinte e materiais nobres tamb\u00e9m pode fazer parte do ambiente corporativo.<\/p>\n<p>[\/et_pb_slide][et_pb_slide heading=&#8221;Corporativo&#8221; image=&#8221;https:\/\/lvgm.com.br\/web\/wp-content\/uploads\/2022\/04\/WhatsApp-Image-2022-01-27-at-09.54.56-5.jpeg&#8221; _builder_version=&#8221;4.14.7&#8243; _module_preset=&#8221;default&#8221; body_font=&#8221;||||||||&#8221; background_enable_color=&#8221;off&#8221; background_layout=&#8221;light&#8221; global_colors_info=&#8221;{}&#8221; sticky_transition=&#8221;on&#8221;]<\/p>\n<p>O Ambiente perfeito para a concentrar-se no trabalho, precisa permitir privacidade, confian\u00e7a e bem estar. N\u00f3s da LIVING M\u00d3VEIS ESPECIAIS, harmonizamos tudo isso e muito mais estando \u00e0 frente, do mercado com novidades em decora\u00e7\u00e3o e ambientes integrados. Requinte e materiais nobres tamb\u00e9m pode fazer parte do ambiente corporativo.<\/p>\n<p>[\/et_pb_slide][et_pb_slide heading=&#8221;Corporativo&#8221; image=&#8221;https:\/\/lvgm.com.br\/web\/wp-content\/uploads\/2022\/04\/WhatsApp-Image-2022-01-27-at-09.54.56-3.jpeg&#8221; _builder_version=&#8221;4.14.7&#8243; _module_preset=&#8221;default&#8221; body_font=&#8221;||||||||&#8221; background_enable_color=&#8221;off&#8221; background_layout=&#8221;light&#8221; global_colors_info=&#8221;{}&#8221; sticky_transition=&#8221;on&#8221;]<\/p>\n<p>O Ambiente perfeito para a concentrar-se no trabalho, precisa permitir privacidade, confian\u00e7a e bem estar. N\u00f3s da LIVING M\u00d3VEIS ESPECIAIS, harmonizamos tudo isso e muito mais estando \u00e0 frente, do mercado com novidades em decora\u00e7\u00e3o e ambientes integrados. Requinte e materiais nobres tamb\u00e9m pode fazer parte do ambiente corporativo<\/p>\n<p>[\/et_pb_slide][et_pb_slide heading=&#8221;Corporativo&#8221; image=&#8221;https:\/\/lvgm.com.br\/web\/wp-content\/uploads\/2022\/04\/WhatsApp-Image-2022-05-23-at-15.14.36.jpeg&#8221; _builder_version=&#8221;4.14.7&#8243; _module_preset=&#8221;default&#8221; body_font=&#8221;||||||||&#8221; background_enable_color=&#8221;off&#8221; background_layout=&#8221;light&#8221; hover_enabled=&#8221;0&#8243; global_colors_info=&#8221;{}&#8221; sticky_transition=&#8221;on&#8221; sticky_enabled=&#8221;0&#8243;]<\/p>\n<p>O Ambiente perfeito para a concentrar-se no trabalho, precisa permitir privacidade, confian\u00e7a e bem estar. N\u00f3s da LIVING M\u00d3VEIS ESPECIAIS, harmonizamos tudo isso e muito mais estando \u00e0 frente, do mercado com novidades em decora\u00e7\u00e3o e ambientes integrados. Requinte e materiais nobres tamb\u00e9m pode fazer parte do ambiente corporativo<\/p>\n<p>[\/et_pb_slide][et_pb_slide heading=&#8221;Corporativo&#8221; image=&#8221;https:\/\/lvgm.com.br\/web\/wp-content\/uploads\/2022\/04\/FOTOGRAFIAS-PRONTAS-SITE-12_editado.jpg&#8221; _builder_version=&#8221;4.14.7&#8243; _module_preset=&#8221;default&#8221; body_font=&#8221;||||||||&#8221; background_enable_color=&#8221;off&#8221; background_layout=&#8221;light&#8221; global_colors_info=&#8221;{}&#8221; sticky_transition=&#8221;on&#8221;]O Ambiente perfeito para a concentrar-se no trabalho, precisa permitir privacidade, confian\u00e7a e bem estar. N\u00f3s da LIVING M\u00d3VEIS ESPECIAIS, harmonizamos tudo isso e muito mais estando \u00e0 frente, do mercado com novidades em decora\u00e7\u00e3o e ambientes integrados. Requinte e materiais nobres tamb\u00e9m pode fazer parte do ambiente corporativo<br \/>\n[\/et_pb_slide][\/et_pb_slider][\/et_pb_column][\/et_pb_row][\/et_pb_section]<\/p>\n","protected":false},"excerpt":{"rendered":"<p>O Ambiente perfeito para a concentrar-se no trabalho, precisa permitir privacidade, confian\u00e7a e bem estar. N\u00f3s da LIVING M\u00d3VEIS ESPECIAIS, harmonizamos tudo isso e muito mais estando \u00e0 frente, do mercado com novidades em decora\u00e7\u00e3o e ambientes integrados. Requinte e materiais nobres tamb\u00e9m pode fazer parte do ambiente corporativo.O Ambiente perfeito para a concentrar-se no [&hellip;]<\/p>\n","protected":false},"author":1,"featured_media":2038,"comment_status":"open","ping_status":"closed","template":"","meta":{"_et_pb_use_builder":"on","_et_pb_old_content":"","_et_gb_content_width":""},"project_category":[117],"project_tag":[],"_links":{"self":[{"href":"https:\/\/lvgm.com.br\/web\/wp-json\/wp\/v2\/project\/1559"}],"collection":[{"href":"https:\/\/lvgm.com.br\/web\/wp-json\/wp\/v2\/project"}],"about":[{"href":"https:\/\/lvgm.com.br\/web\/wp-json\/wp\/v2\/types\/project"}],"author":[{"embeddable":true,"href":"https:\/\/lvgm.com.br\/web\/wp-json\/wp\/v2\/users\/1"}],"replies":[{"embeddable":true,"href":"https:\/\/lvgm.com.br\/web\/wp-json\/wp\/v2\/comments?post=1559"}],"version-history":[{"count":16,"href":"https:\/\/lvgm.com.br\/web\/wp-json\/wp\/v2\/project\/1559\/revisions"}],"predecessor-version":[{"id":2043,"href":"https:\/\/lvgm.com.br\/web\/wp-json\/wp\/v2\/project\/1559\/revisions\/2043"}],"wp:featuredmedia":[{"embeddable":true,"href":"https:\/\/lvgm.com.br\/web\/wp-json\/wp\/v2\/media\/2038"}],"wp:attachment":[{"href":"https:\/\/lvgm.com.br\/web\/wp-json\/wp\/v2\/media?parent=1559"}],"wp:term":[{"taxonomy":"project_category","embeddable":true,"href":"https:\/\/lvgm.com.br\/web\/wp-json\/wp\/v2\/project_category?post=1559"},{"taxonomy":"project_tag","embeddable":true,"href":"https:\/\/lvgm.com.br\/web\/wp-json\/wp\/v2\/project_tag?post=1559"}],"curies":[{"name":"wp","href":"https:\/\/api.w.org\/{rel}","templated":true}]}}

<p>[et_pb_section fb_built=&#8221;1&#8243; _builder_version=&#8221;4.14.7&#8243; _module_preset=&#8221;default&#8221; custom_padding=&#8221;15px|||||&#8221; global_colors_info=&#8221;{}&#8221;][et_pb_row _builder_version=&#8221;4.14.7&#8243; _module_preset=&#8221;default&#8221; width=&#8221;90%&#8221; max_width=&#8221;1980px&#8221; module_alignment=&#8221;center&#8221; custom_padding=&#8221;8px|||||&#8221; global_colors_info=&#8221;{}&#8221;][et_pb_column type=&#8221;4_4&#8243; _builder_version=&#8221;4.14.7&#8243; _module_preset=&#8221;default&#8221; global_colors_info=&#8221;{}&#8221;][et_pb_slider show_image_video_mobile=&#8221;on&#8221; use_bg_overlay=&#8221;off&#8221; use_text_overlay=&#8221;off&#8221; admin_label=&#8221;GALERIA DE FOTOS&#8221; _builder_version=&#8221;4.14.7&#8243; _module_preset=&#8221;default&#8221; header_font=&#8221;|700|||||||&#8221; header_text_color=&#8221;#4c4c4c&#8221; header_font_size=&#8221;33px&#8221; body_text_color=&#8221;#000000&#8243; background_color=&#8221;RGBA(255,255,255,0)&#8221; max_width=&#8221;1980%&#8221; custom_padding=&#8221;175px|||||&#8221; auto=&#8221;on&#8221; auto_ignore_hover=&#8221;on&#8221; hover_enabled=&#8221;0&#8243; global_colors_info=&#8221;{}&#8221; sticky_enabled=&#8221;0&#8243;][et_pb_slide heading=&#8221;Corporativo&#8221; image=&#8221;https://lvgm.com.br/web/wp-content/uploads/2022/04/WhatsApp-Image-2022-01-27-at-09.54.56-14.jpeg&#8221; _builder_version=&#8221;4.14.7&#8243; _module_preset=&#8221;default&#8221; body_font=&#8221;||||||||&#8221; background_enable_color=&#8221;off&#8221; background_layout=&#8221;light&#8221; global_colors_info=&#8221;{}&#8221; sticky_transition=&#8221;on&#8221;]</p>
<p>O Ambiente perfeito para a concentrar-se no trabalho, precisa permitir privacidade, confiança e bem estar. Nós da LIVING MÓVEIS ESPECIAIS, harmonizamos tudo isso e muito mais estando à frente, do mercado com novidades em decoração e ambientes integrados. Requinte e materiais nobres também pode fazer parte do ambiente corporativo.</p>
<p>[/et_pb_slide][et_pb_slide heading=&#8221;Corporativo&#8221; image=&#8221;https://lvgm.com.br/web/wp-content/uploads/2022/04/WhatsApp-Image-2022-01-27-at-09.54.56-5.jpeg&#8221; _builder_version=&#8221;4.14.7&#8243; _module_preset=&#8221;default&#8221; body_font=&#8221;||||||||&#8221; background_enable_color=&#8221;off&#8221; background_layout=&#8221;light&#8221; global_colors_info=&#8221;{}&#8221; sticky_transition=&#8221;on&#8221;]</p>
<p>O Ambiente perfeito para a concentrar-se no trabalho, precisa permitir privacidade, confiança e bem estar. Nós da LIVING MÓVEIS ESPECIAIS, harmonizamos tudo isso e muito mais estando à frente, do mercado com novidades em decoração e ambientes integrados. Requinte e materiais nobres também pode fazer parte do ambiente corporativo.</p>
<p>[/et_pb_slide][et_pb_slide heading=&#8221;Corporativo&#8221; image=&#8221;https://lvgm.com.br/web/wp-content/uploads/2022/04/WhatsApp-Image-2022-01-27-at-09.54.56-3.jpeg&#8221; _builder_version=&#8221;4.14.7&#8243; _module_preset=&#8221;default&#8221; body_font=&#8221;||||||||&#8221; background_enable_color=&#8221;off&#8221; background_layout=&#8221;light&#8221; global_colors_info=&#8221;{}&#8221; sticky_transition=&#8221;on&#8221;]</p>
<p>O Ambiente perfeito para a concentrar-se no trabalho, precisa permitir privacidade, confiança e bem estar. Nós da LIVING MÓVEIS ESPECIAIS, harmonizamos tudo isso e muito mais estando à frente, do mercado com novidades em decoração e ambientes integrados. Requinte e materiais nobres também pode fazer parte do ambiente corporativo</p>
<p>[/et_pb_slide][et_pb_slide heading=&#8221;Corporativo&#8221; image=&#8221;https://lvgm.com.br/web/wp-content/uploads/2022/04/WhatsApp-Image-2022-05-23-at-15.14.36.jpeg&#8221; _builder_version=&#8221;4.14.7&#8243; _module_preset=&#8221;default&#8221; body_font=&#8221;||||||||&#8221; background_enable_color=&#8221;off&#8221; background_layout=&#8221;light&#8221; hover_enabled=&#8221;0&#8243; global_colors_info=&#8221;{}&#8221; sticky_transition=&#8221;on&#8221; sticky_enabled=&#8221;0&#8243;]</p>
<p>O Ambiente perfeito para a concentrar-se no trabalho, precisa permitir privacidade, confiança e bem estar. Nós da LIVING MÓVEIS ESPECIAIS, harmonizamos tudo isso e muito mais estando à frente, do mercado com novidades em decoração e ambientes integrados. Requinte e materiais nobres também pode fazer parte do ambiente corporativo</p>
<p>[/et_pb_slide][et_pb_slide heading=&#8221;Corporativo&#8221; image=&#8221;https://lvgm.com.br/web/wp-content/uploads/2022/04/FOTOGRAFIAS-PRONTAS-SITE-12_editado.jpg&#8221; _builder_version=&#8221;4.14.7&#8243; _module_preset=&#8221;default&#8221; body_font=&#8221;||||||||&#8221; background_enable_color=&#8221;off&#8221; background_layout=&#8221;light&#8221; global_colors_info=&#8221;{}&#8221; sticky_transition=&#8221;on&#8221;]O Ambiente perfeito para a concentrar-se no trabalho, precisa permitir privacidade, confiança e bem estar. Nós da LIVING MÓVEIS ESPECIAIS, harmonizamos tudo isso e muito mais estando à frente, do mercado com novidades em decoração e ambientes integrados. Requinte e materiais nobres também pode fazer parte do ambiente corporativo<br />
[/et_pb_slide][/et_pb_slider][/et_pb_column][/et_pb_row][/et_pb_section]</p>

<p>O Ambiente perfeito para a concentrar-se no trabalho, precisa permitir privacidade, confiança e bem estar. Nós da LIVING MÓVEIS ESPECIAIS, harmonizamos tudo isso e muito mais estando à frente, do mercado com novidades em decoração e ambientes integrados. Requinte e materiais nobres também pode fazer parte do ambiente corporativo.O Ambiente perfeito para a concentrar-se no [&hellip;]</p>
